{"id":1143,"date":"2022-02-23T19:38:05","date_gmt":"2022-02-23T22:38:05","guid":{"rendered":"https:\/\/emdnfontenla-bue.infd.edu.ar\/sitio\/?page_id=1143"},"modified":"2025-06-06T12:33:36","modified_gmt":"2025-06-06T15:33:36","slug":"solicitudes","status":"publish","type":"page","link":"https:\/\/emdnfontenla-bue.infd.edu.ar\/sitio\/solicitudes\/","title":{"rendered":"Solicitudes"},"content":{"rendered":"\n<h2 class=\"wp-block-heading\">FORMULARIO DE EQUIVALENCIAS<\/h2>\n\n\n\n<p>ENLACE: <a href=\"https:\/\/docs.google.com\/document\/d\/1SYxV6h7imTC_G96crVFA-QuqY3ugFKqx\/edit?usp=sharing&amp;ouid=103765596456845218924&amp;rtpof=true&amp;sd=true\">https:\/\/docs.google.com\/document\/d\/1SYxV6h7imTC_G96crVFA-QuqY3ugFKqx\/edit?usp=sharing&amp;ouid=103765596456845218924&amp;rtpof=true&amp;sd=true<\/a><\/p>\n\n\n\n<p><br>Pautas para solicitud y acreditaci\u00f3n de unidades curriculares por equivalencia<br>autom\u00e1tica<br>\u25cf Solicitar mediante el formulario Google y presentar nota firmada, en la secretar\u00eda del instituto, antes del 30 de abril de cada a\u00f1o, el reconocimiento de equivalencias de unidades curriculares acreditadas en la misma o en otra instituci\u00f3n del nivel superior de la jurisdicci\u00f3n.<br>\u25cf Acompa\u00f1arla solicitud con el certificado anal\u00edtico de estudios realizado.<\/p>\n\n\n\n<h2 class=\"wp-block-heading\">CONSTANCIA DE TITULO EN TRAMITE<\/h2>\n\n\n\n<p>ENLACE: <a href=\"https:\/\/forms.gle\/haaFdtSUYEY59uXY9\">https:\/\/forms.gle\/haaFdtSUYEY59uXY9<\/a><\/p>\n\n\n\n<h2 class=\"wp-block-heading\">SOLICITUD ANALITICOS <\/h2>\n\n\n\n<p>ENLACE: <a href=\"https:\/\/forms.gle\/i9guYNTqoTCqwBEi6\">https:\/\/forms.gle\/i9guYNTqoTCqwBEi6<\/a><\/p>\n","protected":false},"excerpt":{"rendered":"<p>FORMULARIO DE EQUIVALENCIAS ENLACE: https:\/\/docs.google.com\/document\/d\/1SYxV6h7imTC_G96crVFA-QuqY3ugFKqx\/edit?usp=sharing&amp;ouid=103765596456845218924&amp;rtpof=true&amp;sd=true Pautas para solicitud y acreditaci\u00f3n de unidades curriculares por equivalenciaautom\u00e1tica\u25cf Solicitar mediante el formulario Google y presentar nota firmada, en la secretar\u00eda del instituto, antes del 30 de abril de cada a\u00f1o, el reconocimiento de equivalencias de unidades curriculares acreditadas en la misma o en otra instituci\u00f3n del nivel superior &#8230; <a title=\"Solicitudes\" class=\"read-more\" href=\"https:\/\/emdnfontenla-bue.infd.edu.ar\/sitio\/solicitudes\/\" aria-label=\"More on Solicitudes\">[+]<\/a><\/p>\n","protected":false},"author":91,"featured_media":0,"parent":0,"menu_order":0,"comment_status":"closed","ping_status":"closed","template":"","meta":[],"acf":[],"_links":{"self":[{"href":"https:\/\/emdnfontenla-bue.infd.edu.ar\/sitio\/wp-json\/wp\/v2\/pages\/1143"}],"collection":[{"href":"https:\/\/emdnfontenla-bue.infd.edu.ar\/sitio\/wp-json\/wp\/v2\/pages"}],"about":[{"href":"https:\/\/emdnfontenla-bue.infd.edu.ar\/sitio\/wp-json\/wp\/v2\/types\/page"}],"author":[{"embeddable":true,"href":"https:\/\/emdnfontenla-bue.infd.edu.ar\/sitio\/wp-json\/wp\/v2\/users\/91"}],"replies":[{"embeddable":true,"href":"https:\/\/emdnfontenla-bue.infd.edu.ar\/sitio\/wp-json\/wp\/v2\/comments?post=1143"}],"version-history":[{"count":4,"href":"https:\/\/emdnfontenla-bue.infd.edu.ar\/sitio\/wp-json\/wp\/v2\/pages\/1143\/revisions"}],"predecessor-version":[{"id":1495,"href":"https:\/\/emdnfontenla-bue.infd.edu.ar\/sitio\/wp-json\/wp\/v2\/pages\/1143\/revisions\/1495"}],"wp:attachment":[{"href":"https:\/\/emdnfontenla-bue.infd.edu.ar\/sitio\/wp-json\/wp\/v2\/media?parent=1143"}],"curies":[{"name":"wp","href":"https:\/\/api.w.org\/{rel}","templated":true}]}}